{"id":33,"date":"2020-09-13T18:33:25","date_gmt":"2020-09-13T21:33:25","guid":{"rendered":"http:\/\/diamorepizzaria.com.br\/dev\/index.php\/one-page-express\/"},"modified":"2021-07-07T14:25:56","modified_gmt":"2021-07-07T17:25:56","slug":"one-page-express","status":"publish","type":"page","link":"http:\/\/diamorepizzaria.com.br\/","title":{"rendered":"Front Page"},"content":{"rendered":"<div  data-label=\"Portfolio\" data-id=\"portfolio-cards-section\" data-category=\"portfolio\" class=\"portfolio-cards-section\" id=\"portfolio-1\" style=\"background-color: rgb(246, 246, 246);\"> <div  class=\"\"> <div  class=\"portfolio-cards-textcol dynamic-color\" data-type=\"column\">   <\/div> <div  class=\"portfolio-cards-projectsro dark-text\" data-type=\"row\"> <div  class=\"portfolio-cards-projectcol cp6cols-tablet cp3cols\"> <div  class=\"portfolio-cards-projectcard\"> <div  class=\"contentswap-effect ContentSwap104\" hover-fx=\"ContentSwap104\" id=\"ContentSwap104\" is-hovered=\"0\"> <div  class=\"ContentSwap104_content initial-image\"><img  class=\"portfolio-cards-projectimg\" data-size=\"1200x800\" src=\"http:\/\/diamorepizzaria.com.br\/wp-content\/uploads\/2021\/07\/WhatsApp-Image-2021-07-02-at-16.43.09-3.jpeg\"> <\/div> <div  class=\"overlay\" style=\"display: block; opacity: 1;\"><\/div> <div  class=\"swap-inner\" style=\"opacity: 1; display: block;\"> <div  class=\"ContentSwap104-center\"> <a href=\"#\" target=\"_blank\" data-reiki-hidden=\"true\" rel=\"noopener noreferrer\"><i  data-cp-fa=\"true\" class=\"portfolio-card-icon fa fa-search\"><\/i><\/a> <\/div> <\/div> <\/div> <div  class=\"portfolio-cards-projectinfo\"> <div  class=\"portfolio-cards-projnamecol\" data-type=\"column\"> <a href=\"http:\/\/diamorepizzaria.com.br\" class=\"portfolio-cards-projlink\" target=\"_self\" rel=\"noopener noreferrer\"><h4  class=\"portfolio-cards-projtitle\">Pizza de R\u00facula<\/h4><\/a> <\/div> <\/div> <\/div> <\/div> <div  class=\"portfolio-cards-projectcol cp6cols-tablet cp3cols\"> <div  class=\"portfolio-cards-projectcard\"> <div  class=\"contentswap-effect ContentSwap104\" hover-fx=\"ContentSwap104\" id=\"ContentSwap104\" is-hovered=\"1\"> <div  class=\"ContentSwap104_content initial-image\"><img  class=\"portfolio-cards-projectimg\" data-size=\"1200x800\" src=\"http:\/\/diamorepizzaria.com.br\/wp-content\/uploads\/2021\/07\/WhatsApp-Image-2021-07-02-at-16.43.09-2.jpeg\"> <\/div> <div  class=\"overlay\" style=\"display: block; opacity: 1;\"><\/div> <div  class=\"swap-inner\" style=\"opacity: 1; display: block;\"> <div  class=\"ContentSwap104-center\"> <a href=\"#\" target=\"_self\" data-reiki-hidden=\"true\" rel=\"noopener noreferrer\"><i  data-cp-fa=\"true\" class=\"portfolio-card-icon fa fa-search\"><\/i><\/a> <\/div> <\/div> <\/div> <div  class=\"portfolio-cards-projectinfo\"> <div  class=\"portfolio-cards-projnamecol\" data-type=\"column\"> <a href=\"http:\/\/diamorepizzaria.com.br\" class=\"portfolio-cards-projlink\" target=\"_self\" rel=\"noopener noreferrer\"><h4  class=\"portfolio-cards-projtitle\">Pizza de Br\u00f3colis<\/h4><\/a> <\/div> <\/div> <\/div> <\/div> <div  class=\"portfolio-cards-projectcol cp6cols-tablet cp3cols\"> <div  class=\"portfolio-cards-projectcard\"> <div  class=\"contentswap-effect ContentSwap104\" hover-fx=\"ContentSwap104\" id=\"ContentSwap104\" is-hovered=\"1\"> <div  class=\"ContentSwap104_content initial-image\"><img  class=\"portfolio-cards-projectimg\" data-size=\"1200x800\" src=\"http:\/\/diamorepizzaria.com.br\/wp-content\/uploads\/2021\/07\/WhatsApp-Image-2021-07-02-at-16.43.09-1.jpeg\"> <\/div> <div  class=\"overlay\" style=\"display: block; opacity: 1;\"><\/div> <div  class=\"swap-inner\" style=\"opacity: 1; display: block;\"> <div  class=\"ContentSwap104-center\"> <a href=\"#\" target=\"_self\" data-reiki-hidden=\"true\" rel=\"noopener noreferrer\"><i  data-cp-fa=\"true\" class=\"portfolio-card-icon fa fa-search\"><\/i><\/a> <\/div> <\/div> <\/div> <div  class=\"portfolio-cards-projectinfo\"> <div  class=\"portfolio-cards-projnamecol\" data-type=\"column\"> <a href=\"http:\/\/diamorepizzaria.com.br\" class=\"portfolio-cards-projlink\" target=\"_self\" rel=\"noopener noreferrer\"><h4  class=\"portfolio-cards-projtitle\">Pizza Marguerita<\/h4><\/a> <\/div> <\/div> <\/div> <\/div> <div  class=\"portfolio-cards-projectcol cp6cols-tablet cp3cols\"> <div  class=\"portfolio-cards-projectcard\"> <div  class=\"contentswap-effect ContentSwap104\" hover-fx=\"ContentSwap104\" id=\"ContentSwap104\" is-hovered=\"1\"> <div  class=\"ContentSwap104_content initial-image\"><img  class=\"portfolio-cards-projectimg\" data-size=\"1200x800\" src=\"http:\/\/diamorepizzaria.com.br\/wp-content\/uploads\/2021\/07\/WhatsApp-Image-2021-07-02-at-16.43.09.jpeg\"> <\/div> <div  class=\"overlay\" style=\"display: block; opacity: 1;\"><\/div> <div  class=\"swap-inner\" style=\"opacity: 1; display: block;\"> <div  class=\"ContentSwap104-center\"> <a href=\"#\" target=\"_self\" data-reiki-hidden=\"true\" rel=\"noopener noreferrer\"><i  data-cp-fa=\"true\" class=\"portfolio-card-icon fa fa-search\"><\/i><\/a> <\/div> <\/div> <\/div> <div  class=\"portfolio-cards-projectinfo\"> <div  class=\"portfolio-cards-projnamecol\" data-type=\"column\"> <a href=\"http:\/\/diamorepizzaria.com.br\" class=\"portfolio-cards-projlink\" target=\"_self\" rel=\"noopener noreferrer\"><h4  class=\"portfolio-cards-projtitle\">Pizza Portuguesa<\/h4><\/a> <\/div> <\/div> <\/div> <\/div>   <\/div> <\/div><\/div><div  id=\"content-3\" style=\"background-color: #ffffff;\" data-label=\"Content\" data-id=\"content-image-left\" data-category=\"content\" class=\"content-left-image-section\"> <div  class=\"gridContainer\"> <div  class=\"row\"> <div  class=\"content-left-image-imgcol\" data-type=\"column\"> <img  src=\"http:\/\/diamorepizzaria.com.br\/wp-content\/uploads\/2020\/10\/2018-09-10.png\" class=\"\"> <\/div> <div  class=\"content-left-image-textcol dynamic-color\" data-type=\"column\"> <h2  class=\"\">O Nosso Sonho<\/h2> <p  class=\"large_text\">A Pizzaria Di Amore \u00e9 a realiza\u00e7\u00e3o de um sonho que come\u00e7ou a ser trilhado em \u201cm\u00eas\u201d de 2014, quando um casal apaixonado, ainda jovem, teve a ideia de criar pizzas saborosas com um ingrediente adicional \u00fanico: o amor. A tradu\u00e7\u00e3o desse sentimento, tornou a Pizzaria Di Amore em um sin\u00f4nimo de sabor especial presente nos melhores momentos da vida como um jantar em fam\u00edlia, anivers\u00e1rio de casamento, dia dos namorados ou at\u00e9 mesmo em um momento de alegria com os amigos. <br ><br >Vis\u00e3o: Ser a melhor pizzaria da Zona Leste da cidade de S\u00e3o Paulo <br ><br >Miss\u00e3o: Produzir pizzas saborosas com os melhores ingredientes do mercado e dedicar total carinho em todo o nosso processo, da compra dos ingredientes at\u00e9 a entrega na casa de nosso cliente.<br ><br >Valores: Amor, carinho, qualidade, atendimento especial e pensamento voltado ao cliente.<\/p>  <\/div> <\/div> <\/div> <\/div>","protected":false},"excerpt":{"rendered":"<p>Pizza de R\u00facula Pizza de Br\u00f3colis Pizza Marguerita Pizza Portuguesa O Nosso Sonho A Pizzaria Di Amore \u00e9 a realiza\u00e7\u00e3o de um sonho que come\u00e7ou a ser trilhado em \u201cm\u00eas\u201d de 2014, quando um casal apaixonado, ainda jovem, teve a ideia de criar pizzas saborosas com um ingrediente adicional \u00fanico: o amor. A tradu\u00e7\u00e3o desse&hellip; <br \/> <a class=\"button small blue\" href=\"http:\/\/diamorepizzaria.com.br\/index.php\/2020\/09\/12\/ola-mundo\/\">Leia mais<\/a><\/p>\n","protected":false},"author":1,"featured_media":0,"parent":0,"menu_order":0,"comment_status":"closed","ping_status":"closed","template":"","meta":[],"_links":{"self":[{"href":"http:\/\/diamorepizzaria.com.br\/index.php\/wp-json\/wp\/v2\/pages\/33"}],"collection":[{"href":"http:\/\/diamorepizzaria.com.br\/index.php\/wp-json\/wp\/v2\/pages"}],"about":[{"href":"http:\/\/diamorepizzaria.com.br\/index.php\/wp-json\/wp\/v2\/types\/page"}],"author":[{"embeddable":true,"href":"http:\/\/diamorepizzaria.com.br\/index.php\/wp-json\/wp\/v2\/users\/1"}],"replies":[{"embeddable":true,"href":"http:\/\/diamorepizzaria.com.br\/index.php\/wp-json\/wp\/v2\/comments?post=33"}],"version-history":[{"count":13,"href":"http:\/\/diamorepizzaria.com.br\/index.php\/wp-json\/wp\/v2\/pages\/33\/revisions"}],"predecessor-version":[{"id":270,"href":"http:\/\/diamorepizzaria.com.br\/index.php\/wp-json\/wp\/v2\/pages\/33\/revisions\/270"}],"wp:attachment":[{"href":"http:\/\/diamorepizzaria.com.br\/index.php\/wp-json\/wp\/v2\/media?parent=33"}],"curies":[{"name":"wp","href":"https:\/\/api.w.org\/{rel}","templated":true}]}}